{"id":33,"date":"2025-06-16T21:37:53","date_gmt":"2025-06-16T21:37:53","guid":{"rendered":"https:\/\/www.nexttech.sk\/sro\/domov\/"},"modified":"2026-03-18T19:13:09","modified_gmt":"2026-03-18T19:13:09","slug":"domov","status":"publish","type":"page","link":"https:\/\/www.nexttech.sk\/sro\/","title":{"rendered":"We are Nexttech-sro"},"content":{"rendered":"\r\n<div class=\"wp-block-group alignfull has-background-background-color has-background\" style=\"border-top-width: 1px; margin-top: 0; margin-bottom: 0; padding-top: var(--wp--preset--spacing--50); padding-bottom: 0;\"><div class=\"wp-block-group__inner-container is-layout-constrained wp-block-group-is-layout-constrained\">\r\n<div class=\"wp-block-group alignfull\">\r\n<h1 class=\"wp-block-heading alignwide has-text-align-center\">Stavebn\u00e1 dokonalos\u0165, ktorej m\u00f4\u017eete d\u00f4verova\u0165<\/h1>\r\n<p class=\"has-text-align-center\" style=\"margin-top: 16px;\">NexTtech prin\u00e1\u0161a inovat\u00edvne stavebn\u00e9 rie\u0161enia s d\u00f4razom na individu\u00e1lny pr\u00edstup a prec\u00edznu realiz\u00e1ciu, aby sme v\u00e1m pomohli splni\u0165 sny o ide\u00e1lnom dome \u010di komer\u010dnej budove.<\/p>\r\n<\/div>\r\n<\/div>\r\n<div>\r\n<p><img loading=\"lazy\" decoding=\"async\" class=\"aligncenter wp-image-278 size-large\" src=\"https:\/\/www.nexttech.sk\/sro\/wp-content\/uploads\/2026\/02\/DJI_0811-1024x576.jpg\" alt=\"\" width=\"900\" height=\"506\" srcset=\"https:\/\/www.nexttech.sk\/sro\/wp-content\/uploads\/2026\/02\/DJI_0811-1024x576.jpg 1024w, https:\/\/www.nexttech.sk\/sro\/wp-content\/uploads\/2026\/02\/DJI_0811-300x169.jpg 300w, https:\/\/www.nexttech.sk\/sro\/wp-content\/uploads\/2026\/02\/DJI_0811-768x432.jpg 768w, https:\/\/www.nexttech.sk\/sro\/wp-content\/uploads\/2026\/02\/DJI_0811-1536x864.jpg 1536w, https:\/\/www.nexttech.sk\/sro\/wp-content\/uploads\/2026\/02\/DJI_0811-2048x1152.jpg 2048w\" sizes=\"auto, (max-width: 900px) 100vw, 900px\" \/><\/p>\r\n<\/div>\r\n<div>\u00a0<\/div>\r\n<div class=\"wp-block-group alignfull has-background-background-color has-background\" style=\"border-top-width: 1px; margin-top: 0; margin-bottom: 0; padding-top: var(--wp--preset--spacing--50); padding-bottom: 0;\">\r\n<div class=\"wp-block-cover alignfull\" style=\"min-height: 50vh;\">\r\n<div class=\"wp-block-cover__inner-container\">\r\n<div id=\"referencie\" class=\"wp-block-group alignfull has-tertiary-background-color has-background\" style=\"border-top-width: 1px; margin-top: 0; margin-bottom: 0; padding: 0 var(--wp--preset--spacing--30) 0 var(--wp--preset--spacing--30);\">\r\n<div class=\"wp-block-group alignwide\" style=\"padding-top: var(--wp--preset--spacing--60); padding-bottom: var(--wp--preset--spacing--60);\">\r\n<div class=\"wp-block-group\">\r\n<div class=\"wp-block-file\">\u00a0<\/div>\r\n<\/div>\r\n<h2 class=\"wp-block-heading\">Inovat\u00edvne pr\u00edstupy pre va\u0161e stavebn\u00e9 v\u00fdzvy<\/h2>\r\n<p>NexTtech sa zaviazal k individu\u00e1lnemu pr\u00edstupu, kvalite a spo\u013eahlivosti, ktor\u00e9 tvoria z\u00e1klad na\u0161ej pr\u00e1ce a dlhodob\u00e9ho partnerstva so z\u00e1kazn\u00edkmi.<\/p>\r\n<h2 class=\"wp-block-heading\">Prisp\u00f4soben\u00e9 rie\u0161enia pre va\u0161e potreby<\/h2>\r\n<p>Zozn\u00e1mte sa s na\u0161imi cenov\u00fdmi ponukami, ktor\u00e9 pon\u00fakaj\u00fa kvalitu a transparentnos\u0165 pre v\u00e1\u0161 projekt.<\/p>\r\n<h2 class=\"wp-block-heading\">Komplexn\u00e9 stavebn\u00e9 rie\u0161enia pre va\u0161e projekty<\/h2>\r\n<p>NexTtech prin\u00e1\u0161a prec\u00edzny pr\u00edstup a kvalitn\u00e9 stavebn\u00e9 slu\u017eby \u0161it\u00e9 na mieru ka\u017ed\u00e9mu klientovi.<\/p>\r\n<h2>S nami sa m\u00f4\u017eete spo\u013eahn\u00fa\u0165 na prec\u00edzne remeseln\u00e9 spracovanie a individu\u00e1lny pr\u00edstup, ktor\u00fd prekra\u010duje o\u010dak\u00e1vania.<\/h2>\r\n<h4 class=\"wp-block-heading has-text-align-center\" style=\"margin-top: 18px; font-size: 18px; text-align: center;\"><img loading=\"lazy\" decoding=\"async\" class=\"alignnone size-large wp-image-224\" src=\"https:\/\/www.nexttech.sk\/sro\/wp-content\/uploads\/2026\/01\/241844393_561935564957954_2764719782308286945_n-768x1024.jpg\" alt=\"\" width=\"768\" height=\"1024\" srcset=\"https:\/\/www.nexttech.sk\/sro\/wp-content\/uploads\/2026\/01\/241844393_561935564957954_2764719782308286945_n-768x1024.jpg 768w, https:\/\/www.nexttech.sk\/sro\/wp-content\/uploads\/2026\/01\/241844393_561935564957954_2764719782308286945_n-225x300.jpg 225w, https:\/\/www.nexttech.sk\/sro\/wp-content\/uploads\/2026\/01\/241844393_561935564957954_2764719782308286945_n-1152x1536.jpg 1152w, https:\/\/www.nexttech.sk\/sro\/wp-content\/uploads\/2026\/01\/241844393_561935564957954_2764719782308286945_n.jpg 1536w\" sizes=\"auto, (max-width: 768px) 100vw, 768px\" \/><\/h4>\r\n<p class=\"has-text-align-center has-small-font-size\" style=\"margin-top: 4px;\">\u00a0<\/p>\r\n<\/div>\r\n<\/div>\r\n<div id=\"kontakt\" class=\"wp-block-group alignfull has-background-background-color has-background\" style=\"border-top-width: 1px; margin-top: 0; margin-bottom: 0; padding: var(--wp--preset--spacing--60) 0 var(--wp--preset--spacing--60) 0;\">\r\n<h2 class=\"wp-block-heading has-text-align-center\">Komplexn\u00e9 stavebn\u00e9 slu\u017eby na mieru va\u0161im potreb\u00e1m<\/h2>\r\n<p class=\"has-text-align-center\"><strong><strong>Minsk\u00e1\u00a0 4174\/9<\/strong><\/strong><\/p>\r\n<p class=\"has-text-align-center\" style=\"margin-top: 0; margin-bottom: 0;\"><strong><strong>Martin\u00a0 038 61<\/strong><\/strong><\/p>\r\n<p class=\"has-text-align-center has-small-font-size\" style=\"margin-top: 8px;\">+421 918 249 284<\/p>\r\n<p class=\"has-text-align-center has-small-font-size\" style=\"margin-top: 8px;\">info@nexttech.sk<\/p>\r\n<\/div>\r\n<\/div>\r\n<\/div>\r\n<\/div><\/div>\r\n","protected":false},"excerpt":{"rendered":"<p>Stavebn\u00e1 dokonalos\u0165, ktorej m\u00f4\u017eete d\u00f4verova\u0165 NexTtech prin\u00e1\u0161a inovat\u00edvne stavebn\u00e9 rie\u0161enia s d\u00f4razom na individu\u00e1lny pr\u00edstup a prec\u00edznu realiz\u00e1ciu, aby sme v\u00e1m pomohli splni\u0165 sny o ide\u00e1lnom dome \u010di komer\u010dnej budove. \u00a0 \u00a0 Inovat\u00edvne pr\u00edstupy pre va\u0161e stavebn\u00e9 v\u00fdzvy NexTtech sa zaviazal k individu\u00e1lnemu pr\u00edstupu, kvalite a spo\u013eahlivosti, ktor\u00e9 tvoria z\u00e1klad na\u0161ej pr\u00e1ce a dlhodob\u00e9ho partnerstva [&hellip;]<\/p>\n","protected":false},"author":1,"featured_media":52,"parent":0,"menu_order":0,"comment_status":"closed","ping_status":"closed","template":"","meta":{"footnotes":""},"class_list":["post-33","page","type-page","status-publish","has-post-thumbnail","hentry"],"aioseo_notices":[],"_links":{"self":[{"href":"https:\/\/www.nexttech.sk\/sro\/wp-json\/wp\/v2\/pages\/33","targetHints":{"allow":["GET"]}}],"collection":[{"href":"https:\/\/www.nexttech.sk\/sro\/wp-json\/wp\/v2\/pages"}],"about":[{"href":"https:\/\/www.nexttech.sk\/sro\/wp-json\/wp\/v2\/types\/page"}],"author":[{"embeddable":true,"href":"https:\/\/www.nexttech.sk\/sro\/wp-json\/wp\/v2\/users\/1"}],"replies":[{"embeddable":true,"href":"https:\/\/www.nexttech.sk\/sro\/wp-json\/wp\/v2\/comments?post=33"}],"version-history":[{"count":16,"href":"https:\/\/www.nexttech.sk\/sro\/wp-json\/wp\/v2\/pages\/33\/revisions"}],"predecessor-version":[{"id":821,"href":"https:\/\/www.nexttech.sk\/sro\/wp-json\/wp\/v2\/pages\/33\/revisions\/821"}],"wp:featuredmedia":[{"embeddable":true,"href":"https:\/\/www.nexttech.sk\/sro\/wp-json\/wp\/v2\/media\/52"}],"wp:attachment":[{"href":"https:\/\/www.nexttech.sk\/sro\/wp-json\/wp\/v2\/media?parent=33"}],"curies":[{"name":"wp","href":"https:\/\/api.w.org\/{rel}","templated":true}]}}